{"id":119,"date":"2017-12-01T09:22:32","date_gmt":"2017-12-01T08:22:32","guid":{"rendered":"http:\/\/marjorie-ringenbach.com\/?page_id=119"},"modified":"2025-11-19T11:11:47","modified_gmt":"2025-11-19T10:11:47","slug":"prestation-a-domicilie-et-au-bouddha-beauty","status":"publish","type":"page","link":"https:\/\/marjorie-ringenbach.com\/?page_id=119","title":{"rendered":"Votre Boudoir Cocooning by Marjorie Ringenbach &#8211; Beaut\u00e9 &amp; Bien-Etre &#8211; \u00e0 Vitrolles et                  \u00e0 domicile"},"content":{"rendered":"\n<div class=\"wp-block-columns is-layout-flex wp-container-core-columns-is-layout-9d6595d7 wp-block-columns-is-layout-flex\">\n<div class=\"wp-block-column is-layout-flow wp-block-column-is-layout-flow\">\n<p class=\"has-text-align-center\">Je vous re\u00e7ois au boudoir<br>du Lundi au Samedi au :\u00a0<\/p>\n\n\n\n<p class=\"has-text-align-center\">91, avenue Jean Moulin<br>Les All\u00e9es de Kelly <br>13127 Vitrolles<\/p>\n\n\n\n<p class=\"has-text-align-center\"><strong>Le Cabinet est exclusivement r\u00e9serv\u00e9 aux femmes.<\/strong><\/p>\n\n\n\n<p class=\"has-text-align-center\"><em>Prise de rendez-vous par t\u00e9l\u00e9phone (0683400715<\/em>) <em>ou en ligne ci-dessous :<\/em><\/p>\n<\/div>\n\n\n\n<div class=\"wp-block-column is-layout-flow wp-block-column-is-layout-flow\">\n<p class=\"has-text-align-center\">Vous pouvez \u00e9galement choisir vos <strong>prestations \u00e0 domicile<\/strong>. <\/p>\n\n\n\n<p><\/p>\n\n\n\n<p class=\"has-text-align-center\"><strong>Tarifs sp\u00e9cifiques et prise de rdv uniquement par t\u00e9l\u00e9phone<\/strong>.<\/p>\n<\/div>\n<\/div>\n\n\n\n<div id=\"$myContainerId\"><\/div>\n<script>\n    var container = document.getElementById('https:\/\/www.planity.com\/cabinet-bien-etre-marjorie-ringenbach-13127-vitrolles');\n    window.planity = {\n        key: '-NMdBzpFqXDxG3maDPZM',\n        primaryColor: '#5b5955',\n        appointmentContainer: container,\n    };\n<\/script>\n<script src=\"https:\/\/d2skjte8udjqxw.cloudfront.net\/widget\/production\/polyfills.latest.js\"><\/script>\n<script src=\"https:\/\/d2skjte8udjqxw.cloudfront.net\/widget\/production\/app.latest.js\"><\/script>\n","protected":false},"excerpt":{"rendered":"<p>Je vous re\u00e7ois au boudoirdu Lundi au Samedi au :\u00a0 91, avenue Jean MoulinLes All\u00e9es de Kelly 13127 Vitrolles Le Cabinet est exclusivement r\u00e9serv\u00e9 aux femmes. Prise de rendez-vous par t\u00e9l\u00e9phone (0683400715) ou en ligne ci-dessous : Vous pouvez \u00e9galement choisir vos prestations \u00e0 domicile. Tarifs sp\u00e9cifiques et prise de rdv uniquement par t\u00e9l\u00e9phone.<\/p>\n","protected":false},"author":1,"featured_media":44,"parent":19,"menu_order":0,"comment_status":"closed","ping_status":"closed","template":"","meta":{"_exactmetrics_skip_tracking":false,"_exactmetrics_sitenote_active":false,"_exactmetrics_sitenote_note":"","_exactmetrics_sitenote_category":0,"jetpack_post_was_ever_published":false,"footnotes":""},"class_list":["post-119","page","type-page","status-publish","has-post-thumbnail","hentry"],"yoast_head":"<!-- This site is optimized with the Yoast SEO plugin v23.4 - https:\/\/yoast.com\/wordpress\/plugins\/seo\/ -->\n<title>Votre Boudoir Cocooning by Marjorie Ringenbach - Beaut\u00e9 &amp; Bien-Etre - \u00e0 Vitrolles et         \u00e0 domicile - Marjorie Ringenbach<\/title>\n<meta name=\"description\" content=\"Je vous re\u00e7ois du Lundi au Samedi \u00e0 Vitrolles. Prise de rendez-vous obligatoire.\" \/>\n<meta name=\"robots\" content=\"index, follow, max-snippet:-1, max-image-preview:large, max-video-preview:-1\" \/>\n<link rel=\"canonical\" href=\"https:\/\/marjorie-ringenbach.com\/?page_id=119\" \/>\n<meta property=\"og:locale\" content=\"fr_FR\" \/>\n<meta property=\"og:type\" content=\"article\" \/>\n<meta property=\"og:title\" content=\"Votre Boudoir Cocooning by Marjorie Ringenbach - Beaut\u00e9 &amp; Bien-Etre - \u00e0 Vitrolles et         \u00e0 domicile - Marjorie Ringenbach\" \/>\n<meta property=\"og:description\" content=\"Je vous re\u00e7ois du Lundi au Samedi \u00e0 Vitrolles. Prise de rendez-vous obligatoire.\" \/>\n<meta property=\"og:url\" content=\"https:\/\/marjorie-ringenbach.com\/?page_id=119\" \/>\n<meta property=\"og:site_name\" content=\"Marjorie Ringenbach\" \/>\n<meta property=\"article:modified_time\" content=\"2025-11-19T10:11:47+00:00\" \/>\n<meta property=\"og:image\" content=\"https:\/\/marjorie-ringenbach.com\/wp-content\/uploads\/2017\/11\/buddha-meditation-east-eastern-65222.jpeg\" \/>\n\t<meta property=\"og:image:width\" content=\"4752\" \/>\n\t<meta property=\"og:image:height\" content=\"3168\" \/>\n\t<meta property=\"og:image:type\" content=\"image\/jpeg\" \/>\n<meta name=\"twitter:card\" content=\"summary_large_image\" \/>\n<meta name=\"twitter:label1\" content=\"Dur\u00e9e de lecture estim\u00e9e\" \/>\n\t<meta name=\"twitter:data1\" content=\"1 minute\" \/>\n<script type=\"application\/ld+json\" class=\"yoast-schema-graph\">{\"@context\":\"https:\/\/schema.org\",\"@graph\":[{\"@type\":\"WebPage\",\"@id\":\"https:\/\/marjorie-ringenbach.com\/?page_id=119\",\"url\":\"https:\/\/marjorie-ringenbach.com\/?page_id=119\",\"name\":\"Votre Boudoir Cocooning by Marjorie Ringenbach - Beaut\u00e9 &amp; Bien-Etre - \u00e0 Vitrolles et \u00e0 domicile - Marjorie Ringenbach\",\"isPartOf\":{\"@id\":\"https:\/\/marjorie-ringenbach.com\/#website\"},\"primaryImageOfPage\":{\"@id\":\"https:\/\/marjorie-ringenbach.com\/?page_id=119#primaryimage\"},\"image\":{\"@id\":\"https:\/\/marjorie-ringenbach.com\/?page_id=119#primaryimage\"},\"thumbnailUrl\":\"https:\/\/i0.wp.com\/marjorie-ringenbach.com\/wp-content\/uploads\/2017\/11\/buddha-meditation-east-eastern-65222.jpeg?fit=4752%2C3168&ssl=1\",\"datePublished\":\"2017-12-01T08:22:32+00:00\",\"dateModified\":\"2025-11-19T10:11:47+00:00\",\"description\":\"Je vous re\u00e7ois du Lundi au Samedi \u00e0 Vitrolles. Prise de rendez-vous obligatoire.\",\"breadcrumb\":{\"@id\":\"https:\/\/marjorie-ringenbach.com\/?page_id=119#breadcrumb\"},\"inLanguage\":\"fr-FR\",\"potentialAction\":[{\"@type\":\"ReadAction\",\"target\":[\"https:\/\/marjorie-ringenbach.com\/?page_id=119\"]}]},{\"@type\":\"ImageObject\",\"inLanguage\":\"fr-FR\",\"@id\":\"https:\/\/marjorie-ringenbach.com\/?page_id=119#primaryimage\",\"url\":\"https:\/\/i0.wp.com\/marjorie-ringenbach.com\/wp-content\/uploads\/2017\/11\/buddha-meditation-east-eastern-65222.jpeg?fit=4752%2C3168&ssl=1\",\"contentUrl\":\"https:\/\/i0.wp.com\/marjorie-ringenbach.com\/wp-content\/uploads\/2017\/11\/buddha-meditation-east-eastern-65222.jpeg?fit=4752%2C3168&ssl=1\",\"width\":4752,\"height\":3168},{\"@type\":\"BreadcrumbList\",\"@id\":\"https:\/\/marjorie-ringenbach.com\/?page_id=119#breadcrumb\",\"itemListElement\":[{\"@type\":\"ListItem\",\"position\":1,\"name\":\"Accueil\",\"item\":\"https:\/\/marjorie-ringenbach.com\/\"},{\"@type\":\"ListItem\",\"position\":2,\"name\":\"Votre Boudoir Cocooning by Marjorie Ringenbach &#8211; Beaut\u00e9 &amp; Bien-Etre &#8211; \u00e0 Vitrolles et \u00e0 domicile\"}]},{\"@type\":\"WebSite\",\"@id\":\"https:\/\/marjorie-ringenbach.com\/#website\",\"url\":\"https:\/\/marjorie-ringenbach.com\/\",\"name\":\"Marjorie Ringenbach\",\"description\":\"\",\"potentialAction\":[{\"@type\":\"SearchAction\",\"target\":{\"@type\":\"EntryPoint\",\"urlTemplate\":\"https:\/\/marjorie-ringenbach.com\/?s={search_term_string}\"},\"query-input\":{\"@type\":\"PropertyValueSpecification\",\"valueRequired\":true,\"valueName\":\"search_term_string\"}}],\"inLanguage\":\"fr-FR\"}]}<\/script>\n<!-- \/ Yoast SEO plugin. -->","yoast_head_json":{"title":"Votre Boudoir Cocooning by Marjorie Ringenbach - Beaut\u00e9 &amp; Bien-Etre - \u00e0 Vitrolles et         \u00e0 domicile - Marjorie Ringenbach","description":"Je vous re\u00e7ois du Lundi au Samedi \u00e0 Vitrolles. Prise de rendez-vous obligatoire.","robots":{"index":"index","follow":"follow","max-snippet":"max-snippet:-1","max-image-preview":"max-image-preview:large","max-video-preview":"max-video-preview:-1"},"canonical":"https:\/\/marjorie-ringenbach.com\/?page_id=119","og_locale":"fr_FR","og_type":"article","og_title":"Votre Boudoir Cocooning by Marjorie Ringenbach - Beaut\u00e9 &amp; Bien-Etre - \u00e0 Vitrolles et         \u00e0 domicile - Marjorie Ringenbach","og_description":"Je vous re\u00e7ois du Lundi au Samedi \u00e0 Vitrolles. Prise de rendez-vous obligatoire.","og_url":"https:\/\/marjorie-ringenbach.com\/?page_id=119","og_site_name":"Marjorie Ringenbach","article_modified_time":"2025-11-19T10:11:47+00:00","og_image":[{"width":4752,"height":3168,"url":"https:\/\/marjorie-ringenbach.com\/wp-content\/uploads\/2017\/11\/buddha-meditation-east-eastern-65222.jpeg","type":"image\/jpeg"}],"twitter_card":"summary_large_image","twitter_misc":{"Dur\u00e9e de lecture estim\u00e9e":"1 minute"},"schema":{"@context":"https:\/\/schema.org","@graph":[{"@type":"WebPage","@id":"https:\/\/marjorie-ringenbach.com\/?page_id=119","url":"https:\/\/marjorie-ringenbach.com\/?page_id=119","name":"Votre Boudoir Cocooning by Marjorie Ringenbach - Beaut\u00e9 &amp; Bien-Etre - \u00e0 Vitrolles et \u00e0 domicile - Marjorie Ringenbach","isPartOf":{"@id":"https:\/\/marjorie-ringenbach.com\/#website"},"primaryImageOfPage":{"@id":"https:\/\/marjorie-ringenbach.com\/?page_id=119#primaryimage"},"image":{"@id":"https:\/\/marjorie-ringenbach.com\/?page_id=119#primaryimage"},"thumbnailUrl":"https:\/\/i0.wp.com\/marjorie-ringenbach.com\/wp-content\/uploads\/2017\/11\/buddha-meditation-east-eastern-65222.jpeg?fit=4752%2C3168&ssl=1","datePublished":"2017-12-01T08:22:32+00:00","dateModified":"2025-11-19T10:11:47+00:00","description":"Je vous re\u00e7ois du Lundi au Samedi \u00e0 Vitrolles. Prise de rendez-vous obligatoire.","breadcrumb":{"@id":"https:\/\/marjorie-ringenbach.com\/?page_id=119#breadcrumb"},"inLanguage":"fr-FR","potentialAction":[{"@type":"ReadAction","target":["https:\/\/marjorie-ringenbach.com\/?page_id=119"]}]},{"@type":"ImageObject","inLanguage":"fr-FR","@id":"https:\/\/marjorie-ringenbach.com\/?page_id=119#primaryimage","url":"https:\/\/i0.wp.com\/marjorie-ringenbach.com\/wp-content\/uploads\/2017\/11\/buddha-meditation-east-eastern-65222.jpeg?fit=4752%2C3168&ssl=1","contentUrl":"https:\/\/i0.wp.com\/marjorie-ringenbach.com\/wp-content\/uploads\/2017\/11\/buddha-meditation-east-eastern-65222.jpeg?fit=4752%2C3168&ssl=1","width":4752,"height":3168},{"@type":"BreadcrumbList","@id":"https:\/\/marjorie-ringenbach.com\/?page_id=119#breadcrumb","itemListElement":[{"@type":"ListItem","position":1,"name":"Accueil","item":"https:\/\/marjorie-ringenbach.com\/"},{"@type":"ListItem","position":2,"name":"Votre Boudoir Cocooning by Marjorie Ringenbach &#8211; Beaut\u00e9 &amp; Bien-Etre &#8211; \u00e0 Vitrolles et \u00e0 domicile"}]},{"@type":"WebSite","@id":"https:\/\/marjorie-ringenbach.com\/#website","url":"https:\/\/marjorie-ringenbach.com\/","name":"Marjorie Ringenbach","description":"","potentialAction":[{"@type":"SearchAction","target":{"@type":"EntryPoint","urlTemplate":"https:\/\/marjorie-ringenbach.com\/?s={search_term_string}"},"query-input":{"@type":"PropertyValueSpecification","valueRequired":true,"valueName":"search_term_string"}}],"inLanguage":"fr-FR"}]}},"jetpack_sharing_enabled":true,"jetpack_shortlink":"https:\/\/wp.me\/P9twVd-1V","jetpack_likes_enabled":true,"_links":{"self":[{"href":"https:\/\/marjorie-ringenbach.com\/index.php?rest_route=\/wp\/v2\/pages\/119","targetHints":{"allow":["GET"]}}],"collection":[{"href":"https:\/\/marjorie-ringenbach.com\/index.php?rest_route=\/wp\/v2\/pages"}],"about":[{"href":"https:\/\/marjorie-ringenbach.com\/index.php?rest_route=\/wp\/v2\/types\/page"}],"author":[{"embeddable":true,"href":"https:\/\/marjorie-ringenbach.com\/index.php?rest_route=\/wp\/v2\/users\/1"}],"replies":[{"embeddable":true,"href":"https:\/\/marjorie-ringenbach.com\/index.php?rest_route=%2Fwp%2Fv2%2Fcomments&post=119"}],"version-history":[{"count":60,"href":"https:\/\/marjorie-ringenbach.com\/index.php?rest_route=\/wp\/v2\/pages\/119\/revisions"}],"predecessor-version":[{"id":1086,"href":"https:\/\/marjorie-ringenbach.com\/index.php?rest_route=\/wp\/v2\/pages\/119\/revisions\/1086"}],"up":[{"embeddable":true,"href":"https:\/\/marjorie-ringenbach.com\/index.php?rest_route=\/wp\/v2\/pages\/19"}],"wp:featuredmedia":[{"embeddable":true,"href":"https:\/\/marjorie-ringenbach.com\/index.php?rest_route=\/wp\/v2\/media\/44"}],"wp:attachment":[{"href":"https:\/\/marjorie-ringenbach.com\/index.php?rest_route=%2Fwp%2Fv2%2Fmedia&parent=119"}],"curies":[{"name":"wp","href":"https:\/\/api.w.org\/{rel}","templated":true}]}}