{"id":69,"date":"2017-12-01T09:00:27","date_gmt":"2017-12-01T08:00:27","guid":{"rendered":"http:\/\/marjorie-ringenbach.com\/?page_id=69"},"modified":"2025-11-20T23:15:44","modified_gmt":"2025-11-20T22:15:44","slug":"mon-parcours","status":"publish","type":"page","link":"https:\/\/marjorie-ringenbach.com\/?page_id=69","title":{"rendered":"Mon parcours"},"content":{"rendered":"<p>Le fil rouge de ma d\u00e9marche est la transmission du bien \u00eatre \u00e0 travers des prestations d&rsquo;esth\u00e9tiques, massages du monde et soins \u00e9nerg\u00e9tiques.<\/p>\n<p>Ma formation d&rsquo;esth\u00e9ticienne, m&rsquo;a appris la science de la beaut\u00e9.<\/p>\n<p>J&rsquo;ai depuis 2009 affin\u00e9 la maitrise des techniques de massages, soins du visage et maquillage.<\/p>\n<p>Il me tient \u00e0 c\u0153ur aujourd&rsquo;hui de partager cette exp\u00e9rience avec vous.<\/p>\n","protected":false},"excerpt":{"rendered":"<p>Le fil rouge de ma d\u00e9marche est la transmission du bien \u00eatre \u00e0 travers des prestations d&rsquo;esth\u00e9tiques, massages du monde et soins \u00e9nerg\u00e9tiques. Ma formation d&rsquo;esth\u00e9ticienne, m&rsquo;a appris la science de la beaut\u00e9. J&rsquo;ai depuis 2009 affin\u00e9 la maitrise des techniques de massages, soins du visage et maquillage. Il me tient \u00e0 c\u0153ur aujourd&rsquo;hui de [&hellip;]<\/p>\n","protected":false},"author":1,"featured_media":1088,"parent":0,"menu_order":0,"comment_status":"closed","ping_status":"closed","template":"","meta":{"_exactmetrics_skip_tracking":false,"_exactmetrics_sitenote_active":false,"_exactmetrics_sitenote_note":"","_exactmetrics_sitenote_category":0,"jetpack_post_was_ever_published":false,"footnotes":""},"class_list":["post-69","page","type-page","status-publish","has-post-thumbnail","hentry"],"yoast_head":"<!-- This site is optimized with the Yoast SEO plugin v23.4 - https:\/\/yoast.com\/wordpress\/plugins\/seo\/ -->\n<title>Mon parcours - Marjorie Ringenbach<\/title>\n<meta name=\"description\" content=\"Ma formation d&#039;esth\u00e9ticienne, en plus de m&#039;apprendre la science de la beaut\u00e9, m&#039;a permis de ma\u00eetriser les techniques de massages.\" \/>\n<meta name=\"robots\" content=\"index, follow, max-snippet:-1, max-image-preview:large, max-video-preview:-1\" \/>\n<link rel=\"canonical\" href=\"https:\/\/marjorie-ringenbach.com\/?page_id=69\" \/>\n<meta property=\"og:locale\" content=\"fr_FR\" \/>\n<meta property=\"og:type\" content=\"article\" \/>\n<meta property=\"og:title\" content=\"Mon parcours - Marjorie Ringenbach\" \/>\n<meta property=\"og:description\" content=\"Ma formation d&#039;esth\u00e9ticienne, en plus de m&#039;apprendre la science de la beaut\u00e9, m&#039;a permis de ma\u00eetriser les techniques de massages.\" \/>\n<meta property=\"og:url\" content=\"https:\/\/marjorie-ringenbach.com\/?page_id=69\" \/>\n<meta property=\"og:site_name\" content=\"Marjorie Ringenbach\" \/>\n<meta property=\"article:modified_time\" content=\"2025-11-20T22:15:44+00:00\" \/>\n<meta property=\"og:image\" content=\"https:\/\/marjorie-ringenbach.com\/wp-content\/uploads\/2025\/11\/unnamed.jpg\" \/>\n\t<meta property=\"og:image:width\" content=\"1600\" \/>\n\t<meta property=\"og:image:height\" content=\"1200\" \/>\n\t<meta property=\"og:image:type\" content=\"image\/jpeg\" \/>\n<meta name=\"twitter:card\" content=\"summary_large_image\" \/>\n<meta name=\"twitter:label1\" content=\"Dur\u00e9e de lecture estim\u00e9e\" \/>\n\t<meta name=\"twitter:data1\" content=\"1 minute\" \/>\n<script type=\"application\/ld+json\" class=\"yoast-schema-graph\">{\"@context\":\"https:\/\/schema.org\",\"@graph\":[{\"@type\":\"WebPage\",\"@id\":\"https:\/\/marjorie-ringenbach.com\/?page_id=69\",\"url\":\"https:\/\/marjorie-ringenbach.com\/?page_id=69\",\"name\":\"Mon parcours - Marjorie Ringenbach\",\"isPartOf\":{\"@id\":\"https:\/\/marjorie-ringenbach.com\/#website\"},\"primaryImageOfPage\":{\"@id\":\"https:\/\/marjorie-ringenbach.com\/?page_id=69#primaryimage\"},\"image\":{\"@id\":\"https:\/\/marjorie-ringenbach.com\/?page_id=69#primaryimage\"},\"thumbnailUrl\":\"https:\/\/i0.wp.com\/marjorie-ringenbach.com\/wp-content\/uploads\/2025\/11\/unnamed.jpg?fit=1600%2C1200&ssl=1\",\"datePublished\":\"2017-12-01T08:00:27+00:00\",\"dateModified\":\"2025-11-20T22:15:44+00:00\",\"description\":\"Ma formation d'esth\u00e9ticienne, en plus de m'apprendre la science de la beaut\u00e9, m'a permis de ma\u00eetriser les techniques de massages.\",\"breadcrumb\":{\"@id\":\"https:\/\/marjorie-ringenbach.com\/?page_id=69#breadcrumb\"},\"inLanguage\":\"fr-FR\",\"potentialAction\":[{\"@type\":\"ReadAction\",\"target\":[\"https:\/\/marjorie-ringenbach.com\/?page_id=69\"]}]},{\"@type\":\"ImageObject\",\"inLanguage\":\"fr-FR\",\"@id\":\"https:\/\/marjorie-ringenbach.com\/?page_id=69#primaryimage\",\"url\":\"https:\/\/i0.wp.com\/marjorie-ringenbach.com\/wp-content\/uploads\/2025\/11\/unnamed.jpg?fit=1600%2C1200&ssl=1\",\"contentUrl\":\"https:\/\/i0.wp.com\/marjorie-ringenbach.com\/wp-content\/uploads\/2025\/11\/unnamed.jpg?fit=1600%2C1200&ssl=1\",\"width\":1600,\"height\":1200},{\"@type\":\"BreadcrumbList\",\"@id\":\"https:\/\/marjorie-ringenbach.com\/?page_id=69#breadcrumb\",\"itemListElement\":[{\"@type\":\"ListItem\",\"position\":1,\"name\":\"Accueil\",\"item\":\"https:\/\/marjorie-ringenbach.com\/\"},{\"@type\":\"ListItem\",\"position\":2,\"name\":\"Mon parcours\"}]},{\"@type\":\"WebSite\",\"@id\":\"https:\/\/marjorie-ringenbach.com\/#website\",\"url\":\"https:\/\/marjorie-ringenbach.com\/\",\"name\":\"Marjorie Ringenbach\",\"description\":\"\",\"potentialAction\":[{\"@type\":\"SearchAction\",\"target\":{\"@type\":\"EntryPoint\",\"urlTemplate\":\"https:\/\/marjorie-ringenbach.com\/?s={search_term_string}\"},\"query-input\":{\"@type\":\"PropertyValueSpecification\",\"valueRequired\":true,\"valueName\":\"search_term_string\"}}],\"inLanguage\":\"fr-FR\"}]}<\/script>\n<!-- \/ Yoast SEO plugin. -->","yoast_head_json":{"title":"Mon parcours - Marjorie Ringenbach","description":"Ma formation d'esth\u00e9ticienne, en plus de m'apprendre la science de la beaut\u00e9, m'a permis de ma\u00eetriser les techniques de massages.","robots":{"index":"index","follow":"follow","max-snippet":"max-snippet:-1","max-image-preview":"max-image-preview:large","max-video-preview":"max-video-preview:-1"},"canonical":"https:\/\/marjorie-ringenbach.com\/?page_id=69","og_locale":"fr_FR","og_type":"article","og_title":"Mon parcours - Marjorie Ringenbach","og_description":"Ma formation d'esth\u00e9ticienne, en plus de m'apprendre la science de la beaut\u00e9, m'a permis de ma\u00eetriser les techniques de massages.","og_url":"https:\/\/marjorie-ringenbach.com\/?page_id=69","og_site_name":"Marjorie Ringenbach","article_modified_time":"2025-11-20T22:15:44+00:00","og_image":[{"width":1600,"height":1200,"url":"https:\/\/marjorie-ringenbach.com\/wp-content\/uploads\/2025\/11\/unnamed.jpg","type":"image\/jpeg"}],"twitter_card":"summary_large_image","twitter_misc":{"Dur\u00e9e de lecture estim\u00e9e":"1 minute"},"schema":{"@context":"https:\/\/schema.org","@graph":[{"@type":"WebPage","@id":"https:\/\/marjorie-ringenbach.com\/?page_id=69","url":"https:\/\/marjorie-ringenbach.com\/?page_id=69","name":"Mon parcours - Marjorie Ringenbach","isPartOf":{"@id":"https:\/\/marjorie-ringenbach.com\/#website"},"primaryImageOfPage":{"@id":"https:\/\/marjorie-ringenbach.com\/?page_id=69#primaryimage"},"image":{"@id":"https:\/\/marjorie-ringenbach.com\/?page_id=69#primaryimage"},"thumbnailUrl":"https:\/\/i0.wp.com\/marjorie-ringenbach.com\/wp-content\/uploads\/2025\/11\/unnamed.jpg?fit=1600%2C1200&ssl=1","datePublished":"2017-12-01T08:00:27+00:00","dateModified":"2025-11-20T22:15:44+00:00","description":"Ma formation d'esth\u00e9ticienne, en plus de m'apprendre la science de la beaut\u00e9, m'a permis de ma\u00eetriser les techniques de massages.","breadcrumb":{"@id":"https:\/\/marjorie-ringenbach.com\/?page_id=69#breadcrumb"},"inLanguage":"fr-FR","potentialAction":[{"@type":"ReadAction","target":["https:\/\/marjorie-ringenbach.com\/?page_id=69"]}]},{"@type":"ImageObject","inLanguage":"fr-FR","@id":"https:\/\/marjorie-ringenbach.com\/?page_id=69#primaryimage","url":"https:\/\/i0.wp.com\/marjorie-ringenbach.com\/wp-content\/uploads\/2025\/11\/unnamed.jpg?fit=1600%2C1200&ssl=1","contentUrl":"https:\/\/i0.wp.com\/marjorie-ringenbach.com\/wp-content\/uploads\/2025\/11\/unnamed.jpg?fit=1600%2C1200&ssl=1","width":1600,"height":1200},{"@type":"BreadcrumbList","@id":"https:\/\/marjorie-ringenbach.com\/?page_id=69#breadcrumb","itemListElement":[{"@type":"ListItem","position":1,"name":"Accueil","item":"https:\/\/marjorie-ringenbach.com\/"},{"@type":"ListItem","position":2,"name":"Mon parcours"}]},{"@type":"WebSite","@id":"https:\/\/marjorie-ringenbach.com\/#website","url":"https:\/\/marjorie-ringenbach.com\/","name":"Marjorie Ringenbach","description":"","potentialAction":[{"@type":"SearchAction","target":{"@type":"EntryPoint","urlTemplate":"https:\/\/marjorie-ringenbach.com\/?s={search_term_string}"},"query-input":{"@type":"PropertyValueSpecification","valueRequired":true,"valueName":"search_term_string"}}],"inLanguage":"fr-FR"}]}},"jetpack_sharing_enabled":true,"jetpack_shortlink":"https:\/\/wp.me\/P9twVd-17","jetpack_likes_enabled":true,"_links":{"self":[{"href":"https:\/\/marjorie-ringenbach.com\/index.php?rest_route=\/wp\/v2\/pages\/69","targetHints":{"allow":["GET"]}}],"collection":[{"href":"https:\/\/marjorie-ringenbach.com\/index.php?rest_route=\/wp\/v2\/pages"}],"about":[{"href":"https:\/\/marjorie-ringenbach.com\/index.php?rest_route=\/wp\/v2\/types\/page"}],"author":[{"embeddable":true,"href":"https:\/\/marjorie-ringenbach.com\/index.php?rest_route=\/wp\/v2\/users\/1"}],"replies":[{"embeddable":true,"href":"https:\/\/marjorie-ringenbach.com\/index.php?rest_route=%2Fwp%2Fv2%2Fcomments&post=69"}],"version-history":[{"count":15,"href":"https:\/\/marjorie-ringenbach.com\/index.php?rest_route=\/wp\/v2\/pages\/69\/revisions"}],"predecessor-version":[{"id":1089,"href":"https:\/\/marjorie-ringenbach.com\/index.php?rest_route=\/wp\/v2\/pages\/69\/revisions\/1089"}],"wp:featuredmedia":[{"embeddable":true,"href":"https:\/\/marjorie-ringenbach.com\/index.php?rest_route=\/wp\/v2\/media\/1088"}],"wp:attachment":[{"href":"https:\/\/marjorie-ringenbach.com\/index.php?rest_route=%2Fwp%2Fv2%2Fmedia&parent=69"}],"curies":[{"name":"wp","href":"https:\/\/api.w.org\/{rel}","templated":true}]}}